is k(-4)?
-16
Let k(m) = -m**3 - 9*m**2 - 12*m + 16. What is k(-8)?
48
Let b(l) = -l + 3. Give b(3).
0
Let j(g) = g**3 - 6*g + 5. Determine j(3).
14
Let d(g) = 17*g - 11. Determine d(3).
40
Let o(y) = y**2 - 9*y + 11. Calculate o(10).
21
Let f(a) = 2*a + 8. Give f(-11).
-14
Let d(h) = h**3 + 6*h**2 - 9*h - 11. What is d(-7)?
3
Let a(h) = 5*h + 5. Determine a(7).
40
Let d(o) = -o**3 - 7*o**2 + 9*o - 9. Determine d(-7).
-72
Let x(r) = -2*r - 12. Determine x(-10).
8
Let z(r) = 2*r - 16. Give z(10).
4
Let x(h) = 10*h + 234. What is x(-23)?
4
Let j(m) = m**2 + 8*m + 10. Give j(-4).
-6
Let d(m) = -m + 16. Give d(9).
7
Let l(p) = -9*p + 6. Determine l(6).
-48
Let u(s) = s**2 - 37*s + 214. Give u(7).
4
Let t(h) = h**3 + h**2. Give t(2).
12
Let z(y) = -y**2 - 22*y - 93. Determine z(-16).
3
Let p(c) = c**2 - 6*c - 13. Determine p(8).
3
Let k(q) = -q**2 - 9*q - 3. Calculate k(-8).
5
Let g(j) = -j**2 + 17*j - 22. Determine g(16).
-6
Let v(g) = g**2 - 17. Determine v(8).
47
Let h(x) = -15*x - 1. Give h(1).
-16
Let l(d) = -d**3 - 12*d**2 - d + 11. What is l(-12)?
23
Let v(m) = -6*m - 158. Calculate v(-23).
-20
Let s(w) = -4*w - 22. What is s(-8)?
10
Let j(d) = -7*d - 93. Determine j(-14).
5
Let o(s) = 13*s - 222. Give o(16).
-14
Let z(f) = -f**2 + 12*f - 2. Determine z(12).
-2
Let m(r) = r**3 + 16*r**2 - 20*r - 40. Determine m(-17).
11
Let l(v) = -v**2 + 3*v - 10. What is l(3)?
-10
Let q(s) = -3*s**3 + 5*s - 4. Calculate q(1).
-2
Let u(n) = n**3 - 3*n**2 - 19*n. What is u(6)?
-6
Let c(r) = 10*r - 135. What is c(13)?
-5
Let s(p) = -p**2 + 6*p - 10. What is s(5)?
-5
Let q(f) = -f**3 - 2*f**2 - 3*f - 34. Calculate q(-4).
10
Let k(f) = -f + 1. Determine k(2).
-1
Let h(l) = l**3 - 5*l**2 + 6*l + 2. Determine h(6).
74
Let g(t) = -t**2 - 5*t + 6. What is g(-6)?
0
Let f(z) = z**3 + 3*z**2 + 6. Determine f(-3).
6
Let t(n) = -n**3 + 4*n**2 + 3*n + 8. Calculate t(5).
-2
Let z(s) = s**3 + 7*s**2 - 3*s + 29. Calculate z(-8).
-11
Let r(f) = -f**3 - f + 57. What is r(0)?
57
Let n(w) = w**3 + 4*w**2 - 2*w - 2. Give n(2).
18
Let t(l) = 53*l - 325. Give t(6).
-7
Let f(b) = -2*b - 15. What is f(-16)?
17
Let m(y) = y**3 + 26*y**2 + 46*y - 32. Give m(-24).
16
Let z(o) = o**3 + 7*o**2 - 11*o - 47. Give z(-8).
-23
Let m(l) = -l**2 + 12*l + 49. Calculate m(16).
-15
Let n(s) = 4*s**3 - 2*s**2 - 5*s - 2. Determine n(4).
202
Let s(w) = -w**3 + 11*w**2 + w - 15. Determine s(11).
-4
Let q(x) = 2*x**3 - 5*x**2 + x + 8. Calculate q(2).
6
Let v(g) = -11*g + 14. Calculate v(2).
-8
Let d(j) = -j - 33. Calculate d(-25).
-8
Let i(l) = -19*l**2 + l - 3. Calculate i(1).
-21
Let k(s) = 9*s + 31. Determine k(-4).
-5
Let f(d) = 6*d - 7. What is f(1)?
-1
Let q(z) = -2*z**2 + 24*z + 10. Give q(13).
-16
Let o(c) = -c**2 - 34*c + 224. Calculate o(-40).
-16
Let i(w) = -w**3 - 2*w**2 + 5*w + 5. What is i(-3)?
-1
Let v(p) = -p**3 + 10*p**2 - 10*p + 13. Determine v(9).
4
Let z(n) = -2*n**2 - 7*n + 62. What is z(4)?
2
Let x(v) = -4*v - 7. Determine x(5).
-27
Let d(k) = -k**2 - 12*k - 20. What is d(-9)?
7
Let k(c) = 6*c**2 + 76*c + 27. Calculate k(-12).
-21
Let m(j) = j - 11. Determine m(10).
-1
Let v(w) = -w**3 - 10*w**2 - 8*w + 87. Give v(-7).
-4
Let c(o) = -o**2 - 8*o - 9. What is c(0)?
-9
Let o(k) = -3*k**3 + 5*k**2 + 5*k + 7. Calculate o(3).
-14
Let m(p) = 5*p - 20. Determine m(8).
20
Let c(l) = 6*l - 170. Give c(32).
22
Let j(v) = v**3 - 10*v**2 - v + 13. Determine j(10).
3
Let t(a) = -a**2 - 28*a + 269. Determine t(-36).
-19
Let t(g) = 7*g - 1. What is t(3)?
20
Let x(g) = -2*g**2 + g - 4. Calculate x(2).
-10
Let j(n) = 2*n + 2. What is j(-2)?
-2
Let k(d) = d**2 + 7*d - 7. Calculate k(-8).
1
Let l(s) = s**2 + 12*s - 3. Determine l(-11).
-14
Let g(u) = u**2 - 5*u - 13. What is g(6)?
-7
Let k(c) = 3*c**2 - 20*c - 13. What is k(8)?
19
Let i(b) = 66*b + 60. What is i(-1)?
-6
Let r(c) = -13*c. What is r(1)?
-13
Let u(j) = -j**2 + 11*j - 21. What is u(9)?
-3
Let n(m) = -5*m - 50. Give n(-13).
15
Let r(z) = -9*z**3 - 6*z**2 + z - 2. Determine r(-2).
44
Let f(k) = -5*k - 8. Determine f(3).
-23
Let t(u) = -u**3 - 19*u**2 + 27*u + 129. What is t(-20)?
-11
Let l(r) = -2*r**2 + 9*r + 22. Determine l(6).
4
Let l(q) = -2*q**2 - 5*q + 5. Give l(-6).
-37
Let d(j) = -j**3 + 4*j**2 - 2*j - 5. Give d(5).
-40
Let c(p) = -p**3 + 27*p**2 + 57*p - 10. Calculate c(29).
-39
Let j(t) = 7*t + 17. What is j(-5)?
-18
Let z(r) = 2*r**2 + 36*r + 15. Calculate z(-15).
-75
Let l(j) = -10*j**2 + 47*j + 10. Calculate l(5).
-5
Let g(q) = q - 4. Calculate g(20).
16
Let r(z) = z**3 - z**2 - z + 4. What is r(0)?
4
Let f(g) = 3*g - 8. Calculate f(-5).
-23
Let k(g) = -3*g**2 + 83*g + 112. Determine k(29).
-4
Let b(s) = 3*s**3 + 3*s**2 - 5*s + 7. Give b(2).
33
Let k(v) = v**3 + 13*v**2 + 45*v + 12. Give k(-7).
-9
Let t(c) = -2*c + 20. Give t(15).
-10
Let f(c) = -9*c - 131. What is f(-21)?
58
Let g(a) = -32*a + 2. Calculate g(1).
-30
Let u(d) = -12*d - 3. Determine u(-2).
21
Let l(w) = -w**2 + 3*w - 7. Give l(3).
-7
Let x(b) = b**3 - 7*b**2 + 5. What is x(6)?
-31
Let z(o) = o**3 + 8*o**2 - 6*o + 19. What is z(-9)?
-8
Let f(c) = c**3 + 5*c**2 - 25*c - 16. What is f(-8)?
-8
Let p(l) = -15*l - 7. Determine p(-5).
68
Let k(f) = -f**3 - 20*f**2 + 21*f - 9. Give k(-21).
-9
Let s(w) = -21*w - 16. What is s(-5)?
89
Let m(x) = 3*x + 17. What is m(-4)?
5
Let t(q) = 3*q**2 + 3*q + 5. Determine t(-5).
65
Let j(t) = -3*t**2 - 11*t + 1. What is j(-5)?
-19
Let m(l) = l**3 - 3*l**2 - l - 2. Give m(3).
-5
Let f(b) = b**2 - 7*b - 48. Determine f(11).
-4
Let u(s) = s**2 + 22*s + 63. Give u(-19).
6
Let q(m) = -11*m - 18. Give q(-3).
15
Let n(o) = -2*o**2 + 12*o + 5. Give n(7).
-9
Let x(l) = -l**3 - 9*l**2 - 2*l - 22. Determine x(-9).
-4
Let u(f) = f**3 + 18*f**2 + f + 23. Determine u(-18).
5
Let u(q) = q**3 - 9*q**2 + q + 7. Give u(9).
16
Let b(a) = a**3 + 2*a**2 + 3*a + 3. Give b(-3).
-15
Let w(v) = v**2 - 26*v + 61. Determine w(23).
-8
Let j(v) = v**3 - 11*v**2 - 23*v - 30. Determine j(13).
9
Let n(r) = -r**2 + 3*r + 19. What is n(-8)?
-69
Let k(w) = -w**3 + 15*w**2 - 12. Give k(15).
-12
Let r(b) = -b**3 + 3*b**2 + 3. Determine r(5).
-47
Let b(k) = 24*k + 361. Give b(-15).
1
Let p(d) = -d**2 - 7*d + 8. Calculate p(-9).
-10
Let d(t) = -t**3 - 12*t**2 + 3*t - 4. Determine d(-12).
-40
Let t(u) = u**2 + 17*u + 6. Give t(-17).
6
Let f(q) = -q**3 - 21*q**2 - 24*q - 19. What is f(-20)?
61
Let p(v) = -v**2 - 17*v - 3. Determine p(-13).
49
Let l(m) = m + 6. Determine l(4).
10
Let j(w) = 47*w - 1. Determine j(1).
46
Let h(t) = -t**3 - 6*t**2 - 7*t + 3. What is h(-3)?
-3
Let y(a) = -2*a**3 - 8*a**2 - 12*a - 110. What is y(-5)?
0
Let p(g) = 28*g + 306. What is p(-11)?
-2
Let f(o) = -o**2 - 5*o - 6. Calculate f(-8).
-30
Let q(g) = -g**3 + 25*g**2 + 31*g - 92. Determine q(26).
38
Let h(r) = 17*r + 182. What is h(-13)?
-39
Let y(k) = k**3 + 28*k**2 - 2*k - 96. Calculate y(-28).
-40
Let u(w) = -202*w + 409. What is u(2)?
5
Let d(j) = -j + 27. Calculate d(30).
-3
Let m(i) = 2*i + 1. What is m(12)?
25
Let r(j) = -j**3 + 2*j**2 + 7*j + 1. Calculate r(4).
-3
Let h(a) = a**2 - 13*a + 32. Determine h(7).
-10
Let d(i) = 2*i + 3. Calculate d(-9).
-15
Let b(d) = d**3 + 8*d**2 - 16*d - 11. What is b(-10)?
-51
Let y(k) = -k**3 - 10*k**2 - 12*k - 12. What is y(-8)?
-44
Let f(v) = -v**3 - 48*v**2 - 48*v - 51. Calculate f(-47).
-4
Let a(q) = -5*q + 39. Calculate a(8).
-1
Let y(s) = s**2 + 3*s - 12. Give y(-5).
-2
Let a(n) = -n**2 - 8*n + 7. Determine a(-9).
-2
Let j(x) = -x**2 + 4. Calculate j(-3).
-5
Let z(p) = -8*p - 18. Give z(-2).
-2
Let h(u) = 3*u - 57. What is h(20)?
3
Let v(l) = 2*l**2 + l - 14. Give v(0).
-14
Let c(t) = t**2 + 14*t + 12. Calculate c(-9).
-33
Let f(w) = w**3 + 6*w**2 + w. Determine f(-4).
28
Let g(b) = -5*b - 12. What is g(-3)?
3
Let t(n) = -12*n**2 + 80*n - 36. Determine t(6).
12
Let b(w) = -w**2 - 9*w - 19. Give b(-8).
-11
Let n(t) = -t**2 - 12*t - 4. What is n(-12)?
-4
Let w(x) = x**2 + 31*x - 121. Give w(-34).
-19
Let a(i) = -i**3 - 3*i**2 - 4*i + 8. Give a(-4).
40
Let n(w) = -2*w + 15. Give n(5).
5
Let u(x) = -x**2 + 16*x - 14. What is u(15)?
1
Let b(v) = -2*v**2 + 3*v + 8. Calculate b(-2).
-6
Let k(y) = y**2 - 14*y + 1. What is k(14)?
1
Let i(j) = -j - 5. What is i(8)?
-13
Let s(p) = -2*p**2 + 20*p + 52. What is s(12)?
4
Let c(u) = u**3 - 9*u**2 + 10*u + 9